 + 10*t - 13. Determine s(x).
-4
Let z(s) = 25*s + 2816*s**2 - 32 - 2815*s**2 + 84 + 110. Determine z(-14).
8
Let b(v) = v**2 + 19*v + 67. Suppose 35*x + 88*x + 1875 = -2*x. Give b(x).
7
Let s(j) = -4*j**2 + 5*j + 4*j**2 - j**2 + 2. Let o(g) = g**3 - 15*g**2 + 27*g - 13. Let m be o(13). Suppose m = -14*n + 79 - 9. What is s(n)?
2
Let j be 140/385*22/(-4) + 4. Let l(b) = -13*b**2 - 3*b + 4. Determine l(j).
-54
Let z(m) = 2*m**3 + 11*m**2 - 8*m - 7. Let p be z(-6). Suppose -4*r + 6*r + 3*c = 7, -p*r - 3*c + 22 = 0. Let q(o) = -o + 9. What is q(r)?
4
Let t(w) = -431*w - 121. Let f(m) = -1179*m - 363. Let h(b) = -4*f(b) + 11*t(b). What is h(5)?
-4
Suppose s = -5*l - 10, l + 3 + 15 = 3*s. Let h(n) be the second derivative of -11*n**3/6 + n**2 + 53*n + 27. Determine h(l).
35
Suppose -5*u = 5*d + 17 - 2, 8 = -4*d - 5*u. Let h = -41 + 44. Let i(a) = 4*a**2 - 2 - 2 + 7*a - a - h*a**2. Calculate i(d).
3
Let u(f) = 2*f**2 + 7*f + 4. Let c(g) = -g**2 - g + 1. Let d(j) = 3*c(j) + u(j). Let r be -3*(-4 - -3) + (42 - -1). Suppose -r*w + 217 + 13 = 0. What is d(w)?
2
Let f(n) = -n**2 - 16*n - 26. Let q = -15942 + 15929. Give f(q).
13
Let y(l) = l**2 + 5*l + 1. Let m = -2 - -5. Let w(n) = 6*n + 2. Let c(x) = m*y(x) - 2*w(x). Suppose -4 + 24 = 10*g. Give c(g).
17
Let q(j) = 28*j - 3. Let i = -39 + 41. Let l be q(i). Let a(b) = -1 - 53*b + 0*b**2 + b**3 + l*b - 5*b**2. Calculate a(5).
-1
Let f = -28 + 30. Let j(n) = 2*n**2 - f*n**2 - 1 - n - 2*n - 3*n**2. Let z be j(-1). Let l(o) = 15*o**3 - 2*o**2 - 2*o - 1. What is l(z)?
-16
Let p(l) = -l + 1. Let q(o) = 21*o - 46. Let a be q(2). What is p(a)?
5
Let a(i) = 4*i**2 + 4 - 7*i - 2*i**2 + 2*i**2 - 6*i**2. Let y(m) = m**2 + 7*m - 4. Suppose 4*r - 2*r = 6. Let c(t) = r*y(t) + 2*a(t). What is c(5)?
6
Let m(b) = -b**2 - 2*b - 2. Let a(t) = 2*t**2 + 2*t + 4. Suppose -697*u + 35 = -702*u. Let y(f) = u*m(f) - 4*a(f). Suppose 0*g = -3*g + 15. Calculate y(g).
3
Let w be 984/16*(-14)/(-6)*-2. Let g = -274 - w. Let a(j) = j**3 - 12*j**2 - 14*j + 11. Give a(g).
-2
Let i(u) = -u**3 + u**2 + u. Let o(t) = 14*t**3 + 4*t**2 + 6*t + 1. Let q(x) = -6*i(x) + o(x). Suppose 0 = -5*d - d + 6. What is q(d)?
19
Suppose -65*a = -69*a - 45*a - 245. Let d(v) = -4*v**2 + 3*v + v + 5*v**2 + 7. What is d(a)?
12
Let x(m) = 3*m - 252. Let d(g) = 3*g + 6. Let z(o) = 3*d(o) - x(o). Determine z(-45).
0
Suppose 12*l = 37 + 23. Suppose -j - 3*o - 7 = 0, 3*j = -l*o + 2*o - 21. Let a(i) = -i - 6. Calculate a(j).
1
Let n(q) = -3*q + 6. Let i be n(4). Let a(h) = 6*h**3 + h**2 - 2*h - 1. Let g(p) = -25*p**3 - 9*p**2 + 12*p - 10. Let c(t) = -4*a(t) - g(t). Give c(i).
2
Suppose 4*m - 2*i = 184, -4*m - i + 99 = -79. Suppose 95 = -5*z - m. Let f = z - -20. Let y(g) = g. Determine y(f).
-8
Let z(h) = h**2 - 4*h - 3. Let n(w) be the first derivative of -w**3 + 37*w**2/2 + 31*w + 46. Let v be n(13). Calculate z(v).
2
Let u(r) = -2*r**2 - 12*r - 21. Let a be ((-7)/(-28) + 2)*(-8)/3. Determine u(a).
-21
Let r(h) be the third derivative of h**3 + 0*h - 59*h**2 + 1/12*h**4 - 1/60*h**5 + 0. Give r(7).
-29
Let r(j) = j**3 - 2*j**2 + 3*j - 2. Let v(s) = 5*s**3 + 3*s**2 - 16*s + 12. Let w(x) = 5*r(x) + v(x). Give w(1).
4
Let k(g) = -2*g**3 - 7*g**2 + 48*g + 4. Let j = -19535 + 19528. Determine k(j).
11
Let x(d) = -18*d**3 + 94*d**2 - 12*d - 22. Let t be x(5). Let r(n) = -n**2 + 13*n + 62. Give r(t).
-28
Let w(v) be the third derivative of v**6/120 - 11*v**5/60 - 13*v**4/24 + 3*v**3 - 733*v**2. Give w(12).
6
Let g = -5238 + 5232. Let b(y) = 9*y + 9. Calculate b(g).
-45
Let o(c) = -3*c**2 + 38*c + 15. Suppose 155*v - 152*v = -p + 25, 3*p - 4*v = 23. Give o(p).
2
Let l(i) = -638*i**2 - 4*i + 3. Let m(v) = 478*v**2 + 3*v - 2. Let p(g) = -3*l(g) - 4*m(g). Suppose -5*a + 1 = 6. Give p(a).
1
Suppose 3*s = -4*i - 26 - 3, 7*s + i + 51 = 0. Let a(g) = -4*g - 21. Determine a(s).
7
Let b(v) = v**2 - 7*v + 2. Let c be (-9)/15*(-184 + 24). Let d = -94 + c. What is b(d)?
-8
Let u(c) = c**3 - c**2 - 9*c + 12. Let w be u(3). Suppose w*l + 14 = 5. Let i(p) = -p + 1. Calculate i(l).
4
Let o = 857 + -862. Let y(v) = -v**2 - 3*v + 8. Give y(o).
-2
Let t(i) = -i**3 - 27*i**2 - 174*i + 16. Let x be t(-11). Let a(n) = -9*n - 56. Determine a(x).
-2
Let d(b) = 8*b - 3. Let l = -181 + 191. Let z(f) = -7*f**2 + 24*f - 49. Let u(a) = 3*a**2 - 12*a + 24. Let h(s) = 5*u(s) + 2*z(s). Let c be h(l). What is d(c)?
13
Suppose -23*v - 2*v = 0. Let n(q) = 633 - 5*q + 3*q + v*q - 655. Calculate n(-11).
0
Let j be 5*7/(175/(-10))*-1. Suppose 2*u = 6, -j*m = -3*m + 2*u. Let n(v) = -v - 1. Give n(m).
-7
Let k(d) be the second derivative of d**3/6 - 3*d**2 + 2*d. Let h = 11306 - 11293. What is k(h)?
7
Let n = 12 + -12. Suppose f + 0 = -3, -7 = -q - 3*f. Let r(p) = -p**3 + 27 - q + p - p**2 - 16. Give r(n).
-5
Suppose 2*d + 5*s = -2*d + 3, 2*d = 3*s + 7. Let y(n) = 14*n**2 - 49*n**2 - 6 + 19*n**2 - n + 17*n**d. Give y(3).
0
Let d(u) be the third derivative of -u**6/120 - 3*u**5/10 - 23*u**4/24 - 103*u**3/6 - 37*u**2 - 5*u - 3. Give d(-17).
-1
Let z(l) be the third derivative of -1/120*l**6 + 8 - 10*l**2 + 2/3*l**3 + 1/24*l**4 + 0*l - 1/12*l**5. What is z(-4)?
-16
Let y(t) = -155*t**2 + 41*t + 11729 - 12095 + 154*t**2. Determine y(28).
-2
Let q be (3/2 - 348/24)/(-1). Let t(u) = 9*u - 105. Calculate t(q).
12
Suppose -t - 14 = 2*a, -2*a + 22*t = 20*t + 14. Let g(v) be the second derivative of -4*v**2 + 4*v + 0 + 1/6*v**3. Calculate g(a).
-15
Let y(c) be the second derivative of 5*c**4/4 + c**3/6 + c**2 - 59*c + 2. Determine y(-1).
16
Let x = -1 - 4. Let l(o) be the second derivative of o**4/12 + o**3/2 + o**2 - o + 13657. What is l(x)?
12
Let d(x) be the third derivative of -5*x**4/24 - x**3/6 + 282*x**2. Let b(q) = -q**3 + q**2 - q + 2. Let g be b(0). Suppose s = g*s - 2. Give d(s).
-11
Suppose -n - 16 = -5*l, 35 = 2*n + l + 12. Suppose -13*c = -10*c - n. Let d(v) = 22*v**2 + 0*v**3 - 15*v**2 + 4*v + v**c - 6. Determine d(-6).
6
Let d(v) = v**3 + 9*v**2 - 8*v + 5. Suppose t - 10 = -t, 3*x + 3*t = 30. Let w(z) = -z**3 - 6*z**2 + 8*z - 5. Let m(n) = x*w(n) + 4*d(n). What is m(7)?
2
Let j(n) = 3 + 5*n**3 - 5 - 7 - 6*n**3 + 13*n**2 + 6. Give j(13).
-3
Let g = 6663 - 6658. Let z(o) be the third derivative of 7*o**2 + 0 - 1/6*o**3 + 7/30*o**g + 0*o**4 + 0*o. What is z(-1)?
13
Let x(h) be the first derivative of h**7/840 + h**6/120 - h**5/20 - h**4/12 - h**3/3 - 26*h - 58. Let d(u) be the third derivative of x(u). Give d(-4).
6
Let a = 217 + -204. Let o(i) = i**3 - 16*i**2 + 38*i + 16. Let v be o(a). Let z(p) = -p**2 + p + 2. Give z(v).
-4
Let b(m) = -9*m**2 - 34*m - 163. Let f(g) = -4*g**2 - 17*g - 77. Let p(a) = 3*b(a) - 7*f(a). What is p(-14)?
8
Suppose 50 = 54*b - 49*b - 5*a, -2*b + 4*a + 30 = 0. Let x(i) be the first derivative of 2*i + b - 5/2*i**2. What is x(3)?
-13
Let b(a) = 17*a**2 + 8*a - 4. Let w(k) = -15*k**2 - 8*k + 2. Let t(r) = 6*b(r) + 7*w(r). Calculate t(-4).
-26
Let j(d) = -d**3 + 12*d**2 + 12*d + 12. Suppose 2*s = -5*r + 1546, -r - s = r - 619. Let w = -295 + r. Calculate j(w).
-1
Let m(s) = 4*s + 9. Let a(o) = -3*o - 7. Let k(j) = 6*a(j) + 4*m(j). Let v(u) be the second derivative of u**3/2 + 8*u**2 + 6*u. Let q be v(-8). What is k(q)?
10
Let p(y) = y**3 - 9*y**2 - 2*y + 11. Suppose 3*z - 21 = -2*h, 13 = -8*h + 9*h + 4*z. Give p(h).
-7
Let u(t) = -4*t**3 + 12*t**2 + 2*t - 7. Let j be u(3). Let k(g) be the second derivative of 5*g**3/3 - g**2/2 + 10*g. Give k(j).
-11
Let i(a) = 142*a**3 + 58*a**2 + 2*a + 25. Let x(n) = -189*n**3 - 80*n**2 - 3*n - 34. Let k(u) = -11*i(u) - 8*x(u). Determine k(1).
-49
Let o(b) = b**2 + 4*b + 60. Suppose 19*q + q - 36*q = 36*q. Give o(q).
60
Let n(o) = 17*o**2 - 18*o + 19. Let d(h) be the second derivative of 2*h**4/3 - 4*h**3/3 + 9*h**2/2 + 77*h. Let b(q) = 13*d(q) - 6*n(q). Calculate b(-2).
3
Let i(n) = -8*n**2 + 16*n**2 - 8 + 16*n - 7 - 10*n**2. Let y be i(6). Let m(p) be the third derivative of p**4/24 - 3*p**3/2 - 20*p**2. What is m(y)?
0
Let m(h) = 2*h + 79. Let o = 32965 + -32993. What is m(o)?
23
Let b(a) = 5*a**2 + 2. Suppose -90 = 191*o + 60*o - 843. Calculate b(o).
47
Let f(j) = -165*j**2 + 11*j - 50 + j**3 + 157*j**2 - 7*j + 5*j. What is f(8)?
22
Let l(m) = m - 15. Let o be l(12). Let b(q) = 8522*q**3 + 3*q + 3 - 1 - 8521*q**3 - 2*q**2 + 5*q**2. What is 